he prime factors of 78.
2, 3, 13
List the prime factors of 115009.
47, 2447
List the prime factors of 6048.
2, 3, 7
What are the prime factors of 122715?
3, 5, 101
What are the prime factors of 2894?
2, 1447
What are the prime factors of 375?
3, 5
List the prime factors of 12195.
3, 5, 271
List the prime factors of 163117.
163117
What are the prime factors of 11106?
2, 3, 617
List the prime factors of 852.
2, 3, 71
What are the prime factors of 127268?
2, 31817
What are the prime factors of 79090?
2, 5, 11, 719
What are the prime factors of 14829?
3, 4943
What are the prime factors of 61176?
2, 3, 2549
What are the prime factors of 1063?
1063
What are the prime factors of 11882?
2, 13, 457
List the prime factors of 2564.
2, 641
List the prime factors of 6237.
3, 7, 11
What are the prime factors of 5905?
5, 1181
What are the prime factors of 34626?
2, 3, 29, 199
What are the prime factors of 2488?
2, 311
List the prime factors of 165.
3, 5, 11
What are the prime factors of 1247?
29, 43
List the prime factors of 2932.
2, 733
What are the prime factors of 32884?
2, 8221
What are the prime factors of 123133?
59, 2087
What are the prime factors of 3454?
2, 11, 157
List the prime factors of 565.
5, 113
What are the prime factors of 2441?
2441
List the prime factors of 192046.
2, 131, 733
List the prime factors of 2945.
5, 19, 31
List the prime factors of 144227.
233, 619
List the prime factors of 1621.
1621
What are the prime factors of 4352?
2, 17
What are the prime factors of 23016?
2, 3, 7, 137
List the prime factors of 16698.
2, 3, 11, 23
List the prime factors of 7684.
2, 17, 113
List the prime factors of 15485.
5, 19, 163
List the prime factors of 729.
3
What are the prime factors of 1894?
2, 947
List the prime factors of 750.
2, 3, 5
What are the prime factors of 530?
2, 5, 53
List the prime factors of 698.
2, 349
List the prime factors of 1083.
3, 19
List the prime factors of 6060.
2, 3, 5, 101
What are the prime factors of 2791?
2791
What are the prime factors of 1089?
3, 11
What are the prime factors of 57117?
3, 79, 241
List the prime factors of 34322.
2, 131
List the prime factors of 48316.
2, 47, 257
List the prime factors of 3340.
2, 5, 167
What are the prime factors of 4804?
2, 1201
List the prime factors of 4372.
2, 1093
What are the prime factors of 27856?
2, 1741
What are the prime factors of 47207?
47207
List the prime factors of 58207.
58207
List the prime factors of 6658.
2, 3329
What are the prime factors of 525?
3, 5, 7
What are the prime factors of 2489?
19, 131
What are the prime factors of 2652?
2, 3, 13, 17
What are the prime factors of 12487?
12487
What are the prime factors of 2116?
2, 23
What are the prime factors of 18253?
18253
What are the prime factors of 2251?
2251
What are the prime factors of 2955?
3, 5, 197
What are the prime factors of 14961?
3, 4987
What are the prime factors of 521?
521
What are the prime factors of 1886?
2, 23, 41
What are the prime factors of 118?
2, 59
What are the prime factors of 366?
2, 3, 61
What are the prime factors of 30281?
107, 283
What are the prime factors of 100743?
3, 33581
What are the prime factors of 30698?
2, 15349
List the prime factors of 815.
5, 163
List the prime factors of 1021.
1021
List the prime factors of 21430.
2, 5, 2143
List the prime factors of 5828.
2, 31, 47
What are the prime factors of 18518?
2, 47, 197
What are the prime factors of 12217?
19, 643
What are the prime factors of 3425?
5, 137
List the prime factors of 15961.
11, 1451
What are the prime factors of 89875?
5, 719
What are the prime factors of 3285?
3, 5, 73
What are the prime factors of 863?
863
List the prime factors of 322.
2, 7, 23
List the prime factors of 2957.
2957
What are the prime factors of 9274?
2, 4637
What are the prime factors of 11541?
3, 3847
What are the prime factors of 1656?
2, 3, 23
List the prime factors of 107279.
107279
List the prime factors of 28853.
11, 43, 61
What are the prime factors of 24794?
2, 7, 11, 23
What are the prime factors of 13992?
2, 3, 11, 53
What are the prime factors of 3363?
3, 19, 59
List the prime factors of 320.
2, 5
List the prime factors of 2542.
2, 31, 41
List the prime factors of 1126.
2, 563
List the prime factors of 19986.
2, 3, 3331
List the prime factors of 31398.
2, 3, 5233
What are the prime factors of 9724?
2, 11, 13, 17
What are the prime factors of 1747?
1747
List the prime factors of 1727.
11, 157
List the prime factors of 3358.
2, 23, 73
List the prime factors of 13551.
3, 4517
List the prime factors of 35477.
13, 2729
What are the prime factors of 1026?
2, 3, 19
List the prime factors of 492.
2, 3, 41
List the prime factors of 6959.
6959
What are the prime factors of 134?
2, 67
List the prime factors of 26.
2, 13
What are the prime factors of 9065?
5, 7, 37
List the prime factors of 22380.
2, 3, 5, 373
What are the prime factors of 1865?
5, 373
List the prime factors of 15046.
2, 7523
List the prime factors of 21108.
2, 3, 1759
List the prime factors of 101.
101
List the prime factors of 189.
3, 7
What are the prime factors of 5881?
5881
List the prime factors of 18589.
29, 641
List the prime factors of 51856.
2, 7, 463
What are the prime factors of 13774?
2, 71, 97
List the prime factors of 17886.
2, 3, 11, 271
List the prime factors of 2495.
5, 499
List the prime factors of 8818.
2, 4409
What are the prime factors of 22833?
3, 43, 59
List the prime factors of 10548.
2, 3, 293
List the prime factors of 14061.
3, 43, 109
What are the prime factors of 2598?
2, 3, 433
What are the prime factors of 40668?
2, 3, 3389
List the prime factors of 293.
293
What are the prime factors of 2443?
7, 349
What are the prime factors of 58875?
3, 5, 157
List the prime factors of 12988.
2, 17, 191
List the prime factors of 16580.
2, 5, 829
List the prime factors of 286.
2, 11, 13
What are the prime factors of 18?
2, 3
List the prime factors of 4309.
31, 139
List the prime factors of 39672.
2, 3, 19, 29
What are the prime factors of 2887?
2887
What are the prime factors of 4429?
43, 103
List the prime factors of 957.
3, 11, 29
List the prime factors of 8815.
5, 41, 43
List the prime factors of 649.
11, 59
List the prime factors of 11712.
2, 3, 61
List the prime factors of 2868.
2, 3, 239
List the prime factors of 803.
11, 73
What are the prime factors of 2252?
2, 563
What are the prime factors of 13617?
3, 17, 89
What are the prime factors of 2582?
2, 1291
What are the prime factors of 26607?
3, 7, 181
List the prime factors of 15150.
2, 3, 5, 101
What are the prime factors of 41538?
2, 3, 7, 23, 43
List the prime factors of 621.
3, 23
List the prime factors of 14038.
2, 7019
List the prime factors of 8029.
7, 31, 37
List the prime factors of 823.
823
What are the prime factors of 2125?
5, 17
What are the prime factors of 7770?
2, 3, 5, 7, 37
List the prime factors of 4243.
4243
List the prime factors of 1099.
7, 157
List the prime factors of 15889.
15889
List the prime factors of 4758.
2, 3, 13, 61
List the prime factors of 1767.
3, 19, 31
List the prime factors of 49399.
7, 7057
List the prime factors of 9791.
9791
List the prime factors of 6176.
2, 193
What are the prime factors of 23156?
2, 7, 827
List the prime factors of 1703.
13, 131
List the prime factors of 325.
5, 13
List the prime factors of 3924.
2, 3, 109
What are the prime factors of 20533?
20533
What are the prime factors of 11447?
11447
List the prime factors of 12721.
12721
List the prime factors of 2780.
2, 5, 139
List the prime factors of 70.
2, 5, 7
List the prime factors of 32773.
13, 2521
List the prime factors of 2840.
2, 5, 71
List the prime factors of 29056.
2, 227
What are the prime factors of 37132?
2, 9283
What are the prime factors of 2171?
13, 167
What are the prime factors of 37258?
2, 13, 1433
List the prime factors of 16157.
107, 151
List the prime factors of 21016.
2, 37, 71
List the prime factors of 581.
7, 83
What are the prime factors of 23840?
2, 5, 149
What are the prime factors of 30275?
5, 7, 173
What are the prime factors of 7834?
2, 3917
What are the prime factors of 2066?
2, 1033
What are the prime factors of 5815?
5, 1163
What are the prime factors of 22821?
3, 7607
List the prime factors of 459.
3, 17
List the prime factors of 1862.
2, 7, 19
List the p